
In base 5, what is 440144 + -112?
440032
In base 5, what is 1130101223 - 132?
1130101041
In base 8, what is -16712 - -64062?
45150
In base 16, what is e6b + -3142?
-22d7
In base 3, what is 200100200221 - 11021?
200100112200
In base 16, what is -2897 - 6c?
-2903
In base 5, what is 1222102 - -201?
1222303
In base 6, what is 5 - -1044512540?
1044512545
In base 4, what is 3 - -33301021122?
33301021131
In base 10, what is -2 - -73956883?
73956881
In base 11, what is 59 - -1266917?
1266975
In base 4, what is 233321 - -133120?
1033101
In base 3, what is 22010222 - 12202111?
2101111
In base 10, what is 4 + 4272714?
4272718
In base 15, what is 4571 - -1136?
56a7
In base 2, what is 1111110001110010001110 - -1110?
1111110001110010011100
In base 2, what is -1111010111111111001001000010 - -10?
-1111010111111111001001000000
In base 3, what is 21 - 11011200201101?
-11011200201010
In base 6, what is -523002411 + 3?
-523002404
In base 9, what is 2 + 3562300?
3562302
In base 5, what is 22 + -202232134?
-202232112
In base 5, what is 1 - -12043421200?
12043421201
In base 2, what is 0 - 10110000111010101001010111?
-10110000111010101001010111
In base 7, what is -1 + -23004124?
-23004125
In base 9, what is 32057 + 140?
32207
In base 9, what is -8188676 + -2?
-8188678
In base 6, what is -351152040 + -254?
-351152334
In base 13, what is 3a - -71c61?
71c9b
In base 15, what is 3 + -1d6cc6?
-1d6cc3
In base 6, what is 30 + -3104154?
-3104124
In base 5, what is -4230 - -14014400?
14010120
In base 9, what is -130884574 - 3?
-130884577
In base 3, what is 11220011101 + -11022020?
11201212011
In base 8, what is -4 - 10723251?
-10723255
In base 12, what is 6784b - 1813?
66038
In base 15, what is 335e + -357?
3007
In base 3, what is -21021220012100 + -111?
-21021220012211
In base 11, what is -1a42 - -1695?
-358
In base 11, what is 557a4 - -655?
56349
In base 15, what is 2b4ae - b?
2b4a3
In base 14, what is -3532 + -2d6?
-3828
In base 6, what is -3251221143 - 1?
-3251221144
In base 2, what is -1000101101 - -101101000111?
100100011010
In base 7, what is 65251 - 13642?
51306
In base 8, what is 7403 - 11534?
-2131
In base 8, what is 5024 + 30000?
35024
In base 7, what is -16 - -151110311?
151110262
In base 16, what is -301 - 4339?
-463a
In base 14, what is 47b - -98a?
1027
In base 16, what is 459429c - 1?
459429b
In base 8, what is -42420 - 5140?
-47560
In base 6, what is -3 + -21133505531?
-21133505534
In base 15, what is -b - -dbd384?
dbd378
In base 8, what is -3 + -1035732?
-1035735
In base 16, what is -9 - 5a7a322?
-5a7a32b
In base 8, what is 12417653 + 1?
12417654
In base 8, what is -20205 - -1063?
-17122
In base 9, what is 67 - 531260?
-531182
In base 16, what is -19e57 + -3b?
-19e92
In base 4, what is 100021221010 + -1331?
100021213013
In base 3, what is 20011102100010221 - -2?
20011102100011000
In base 15, what is 5c17a4 - 0?
5c17a4
In base 5, what is -2 - -12231322131?
12231322124
In base 10, what is 3206172 - 5?
3206167
In base 2, what is 1100000001100 + 111111110011101?
1001011110101001
In base 9, what is 4738130 + -1?
4738128
In base 13, what is 97aa + -2a8?
9502
In base 8, what is -41134560 + -3?
-41134563
In base 16, what is -11cc30 - 9?
-11cc39
In base 12, what is 10 + 7b71314?
7b71324
In base 10, what is -75335 - 570?
-75905
In base 6, what is 10521503 - -24?
10521531
In base 8, what is 70660 - -3477?
74357
In base 7, what is 23102 + -105351?
-52246
In base 6, what is 10423424 - -453?
10424321
In base 2, what is 10010101100001100111 + -10001?
10010101100001010110
In base 13, what is -1 + -1001c2a4?
-1001c2a5
In base 11, what is 22 - -11917049?
11917070
In base 12, what is -93 - 15979?
-15a50
In base 11, what is 383944 + -1297?
382658
In base 13, what is -34706940 + 3?
-3470693a
In base 16, what is 1cf + 3fe3e?
4000d
In base 3, what is -1020201000202 - -1011?
-1020200222121
In base 2, what is 111110100010101000 + -1000010011?
111110011010010101
In base 2, what is 10110010100111001 + 101011011?
10110011010010100
In base 12, what is -4388 + 2a11?
-1577
In base 4, what is 301223103 + -1?
301223102
In base 8, what is 2272 - -612151?
614443
In base 12, what is 7048b + 2b6b?
7343a
In base 16, what is 291 + -57383?
-570f2
In base 11, what is -235231 - 268?
-235499
In base 7, what is -1325501236 - 3?
-1325501242
In base 7, what is 341616421 + 3?
341616424
In base 3, what is -2211111221 - -2010?
-2211102211
In base 10, what is -65132 - 24?
-65156
In base 10, what is 5 + -5971096?
-5971091
In base 15, what is -923 - -3d9ce?
3d0ab
In base 11, what is -a5a21 - -139?
-a5893
In base 16, what is -5b - 24e120?
-24e17b
In base 7, what is -21055 - 3546?
-24634
In base 7, what is 1123056 + 13?
1123102
In base 5, what is -1041330 - -222?
-1041103
In base 14, what is 773c89 + -7?
773c82
In base 7, what is -53446542 + 5?
-53446534
In base 13, what is 266622 + -a?
266615
In base 8, what is 7456 - -11657?
21335
In base 11, what is -5712 - 998?
-65aa
In base 10, what is -10869608 + -4?
-10869612
In base 3, what is 12102112 - -100101200?
112211012
In base 10, what is -2 - 1319107?
-1319109
In base 9, what is 18810 + -4083?
14716
In base 14, what is 4 + -2938cc8?
-2938cc4
In base 12, what is 231b69 + 3a3?
232350
In base 4, what is 1021022 - 3002?
1012020
In base 3, what is -102202 + 212102111011?
212102001102
In base 14, what is -5 - -682600?
6825d9
In base 3, what is -11221111221111 - -10?
-11221111221101
In base 6, what is 20553110142 + 1?
20553110143
In base 2, what is 1011111011001 - 110100011?
1011000110110
In base 9, what is 208717 + 27?
208745
In base 3, what is -211111 - -202222002021?
202221020210
In base 4, what is 102001100103 - -2?
102001100111
In base 13, what is 824c0b - -2?
824c10
In base 2, what is -10101111010000110111010 + 11?
-10101111010000110110111
In base 11, what is 37 - 10938?
-10901
In base 4, what is 2 + -30111033130303?
-30111033130301
In base 6, what is 5 - 45102034?
-45102025
In base 12, what is -946b + -3544?
-109b3
In base 12, what is -9 + 324924?
324917
In base 16, what is -4 + d4f101c?
d4f1018
In base 14, what is -33a9a3 - 3?
-33a9a6
In base 2, what is -1001 - -101001010111?
101001001110
In base 14, what is 4 + -67999b?
-679997
In base 13, what is 1098a72 - 4?
1098a6b
In base 11, what is -18625077 - -4?
-18625073
In base 10, what is 22109127 + 14?
22109141
In base 12, what is 17 + 54aa03?
54aa1a
In base 6, what is -3 - -5142412?
5142405
In base 7, what is 1330413 + 53?
1330466
In base 16, what is -da5 + -11b1?
-1f56
In base 5, what is 2441044 - 20440?
2420104
In base 15, what is -c922 - 41?
-c963
In base 7, what is -2 + 34533023?
34533021
In base 8, what is 6077062004 - -4?
6077062010
In base 16, what is cfa - 452e3?
-445e9
In base 15, what is 80 - 3519db?
-35195b
In base 13, what is -28 + 12a665?
12a63a
In base 5, what is -20011023 - 310?
-20011333
In base 11, what is 109 - -190155?
190263
In base 4, what is -31 - 22311031301?
-22311031332
In base 6, what is -4054432534 - -1?
-4054432533
In base 4, what is 133330310003331 - 10?
133330310003321
In base 3, what is -210202021202111 - -10?
-210202021202101
In base 5, what is -12021 + 3142012?
3124441
In base 4, what is -3213002121211 - 31?
-3213002121302
In base 16, what is 1b + 2b05cd?
2b05e8
In base 6, what is 1 - 24343445520?
-24343445515
In base 13, what is -8687b - 36?
-868b4
In base 5, what is -111 - 400420110?
-400420221
In base 6, what is 1053 + 20255301?
20300354
In base 8, what is 2276 + 1303227?
1305525
In base 12, what is -11b20932 - -4?
-11b2092a
In base 9, what is -4 + -51613533?
-51613537
In base 12, what is 743669 - 75?
7435b4
In base 8, what is -3 - 66531677?
-66531702
In base 13, what is -2 - 97502c?
-975031
In base 4, what is 120212232 - 13?
120212213
In base 8, what is 36171 - 257?
35712
In base 7, what is -11040 + -20312?
-31352
In base 6, what is 1413 - 2213044?
-2211231
In base 16, what is -505915 + -3?
-505918
In base 9, what is 1468870 - -2047?
1472027
In base 3, what is -200012202101 + -1022?
-200012210200
In base 8, what is 675 - -723?
1620
In base 15, what is -2 + -a7002?
-a7004
In base 9, what is 33748 + 3832?
37681
In base 7, what is 226524552 + 106?
226524661
In base 11, what is -2 - 5380991?
-5380993
In base 8, what is 44 - 645520?
-645454
In base 10, what is -1 + 356304?
35630